e 1 - 3 = -z. Let h(p) = 0 - 3*p + 1 + 0 + z. What is the units digit of h(-6)?
1
Let t(n) = -n**2 + 24*n - 19. Let o be t(23). Suppose -o*b = -2*v + v - 494, 0 = -3*b + 3*v + 366. What is the tens digit of b?
2
Let d = -38 - -55. Let g = d - 14. Suppose -2 = -g*p + 25. What is the units digit of p?
9
Suppose 52*d - 41*d = 5368. What is the units digit of d?
8
Let k be -4 + 3 + -3 + 36. Suppose 0 = k*r - 22*r - 680. What is the units digit of r?
8
What is the units digit of 1236*(-1 - (-32)/24)?
2
Suppose -10 = 5*x, 0*x + 106 = 2*a + 2*x. Let f = a + -41. What is the tens digit of f?
1
What is the tens digit of (-2)/(-8) + 3 + 1939/4?
8
Let y be (112/24)/(4/6). Let t(n) = -n + 3. Let w be t(0). Let m = y - w. What is the units digit of m?
4
Let f(m) = -6*m - 2. Suppose 2*g - 2*u = -g + 11, 8 = g - 5*u. Let j = -4 + g. What is the units digit of f(j)?
4
What is the thousands digit of (7 + -10 - 2396)*-1*1?
2
Suppose 0 = 44*a - 46*a + 3*i + 2762, 4*i = -4*a + 5524. What is the thousands digit of a?
1
Suppose -2*g + 1406 = 2*z, 0 + 5 = g. What is the tens digit of z?
9
Let o be (-6)/(-4)*224/42. Suppose -3*b + o = -3*c + 2, 5*c = 2*b - 1. Suppose -b*t = -w + 25, -3*t - 75 = -3*w - 4*t. What is the units digit of w?
5
Let k(i) be the first derivative of -i**3/3 + 4*i**2 - 7*i - 3. Let b be k(6). Suppose -5*o - 2*c - c + 110 = 0, 3*o - b*c = 66. What is the tens digit of o?
2
Let b(l) = l + 3. Let g be b(-7). Let y be 18/8 + g/16. Suppose 5*s + y*u - 104 = 0, 116 = 5*s - 0*u - 2*u. What is the units digit of s?
2
Suppose -4*i + 39 = -3*t, 25 = 5*i - 3*t - 20. What is the units digit of ((-2)/i)/((-11)/198)?
6
Suppose -2*w + 10 = 0, -3*l + l + 3*w + 39 = 0. Let f = l + -27. Suppose -4*c + 80 = -f*c. What is the tens digit of c?
2
Let g(n) = 35*n - 9. What is the units digit of g(8)?
1
Let x(z) = 105*z - 52. What is the hundreds digit of x(4)?
3
Let b(q) = 53*q**2 - 2*q - 1. Let l be b(-1). Let n = -9 - -13. Suppose 0 = -2*t - n*z + 50, -t = -3*t - 5*z + l. What is the tens digit of t?
1
Let j = -302 + 485. Let x = 292 - j. What is the units digit of x?
9
Let d(l) = l**3 - 10*l**2 + 8*l + 1. Let j be d(11). Suppose 4*w - 168 = 3*s - 4*s, 0 = -5*w - 5*s + j. What is the tens digit of w?
4
Suppose -2*j + 4*j + 4 = -r, -2*r = j - 1. Let b(v) = 0*v**r + 2*v**2 + 19 - 2*v - 2*v**2 + v**2. What is the units digit of b(0)?
9
Let l be -1*(1 - -1) - -7. Suppose -i + 24 = -2*g - 122, -l*i + 4*g + 748 = 0. What is the units digit of i?
2
What is the tens digit of -242*6/(-9)*3?
8
Let m(f) = -49*f + 8. Suppose j + 9 - 6 = 0. What is the hundreds digit of m(j)?
1
Let d be 8*(-1 + 2 + 3/(-2)). What is the units digit of 4/d*(-1 + (2 - 84))?
3
Suppose 0 = -f + 53 + 214. Suppose 4*z - f = -c + 141, 3*z + 2*c = 301. What is the tens digit of z?
0
Let x(o) = 8*o**2 - o + 12. Suppose 0*d - 9 = -3*d. What is the tens digit of x(d)?
8
What is the tens digit of ((-576)/15)/(7/(-105))?
7
Suppose 0 = 8*g - 4*g - 1088. What is the tens digit of g?
7
Let n(q) = -q**2 - 5*q - 2. Let u be n(-3). Let x(h) = 2*h**2 - 5. What is the units digit of x(u)?
7
Let p(v) be the first derivative of -11*v**3/3 - 3*v**2 - 5*v + 8. Let c be p(-3). Let b = -40 - c. What is the tens digit of b?
4
Let r be ((-5)/3 - -2)/((-2)/426). Let y = r + 145. What is the units digit of y?
4
Suppose -3*q + 9 + 6 = 0. Suppose 2*p + 10 = 0, 0*w + q*p = w - 50. What is the units digit of w?
5
Let v = -15 - -26. Let c(x) = -x**2 + 13*x + 16. Let d be c(v). Suppose 0 = -4*w + 166 - d. What is the units digit of w?
2
Let d(n) = -n**2 - 14*n - 15. Suppose 0 = -12*m + 9*m - 30. Let j be d(m). Let r = 32 - j. What is the units digit of r?
7
Let t(n) = -20*n**3 - n**2 - 3*n - 3. Let m be t(-2). What is the units digit of m/4*-2*(3 - 5)?
9
Suppose c = -6*c. Let p(o) = -35 - 4*o - 4*o**3 + 32 + c*o**3 - 3*o**2. What is the units digit of p(-2)?
5
Suppose -16 = -16*d + 8*d. Suppose -d*b + 52 = 3*t, -3*t = -b - 3 + 29. What is the units digit of b?
6
Let o = 6 - 2. Suppose 3 = o*l - 5. Suppose z - 75 = -l*z. What is the units digit of z?
5
Let q(g) = 2*g**2 + 2*g - 2. Let n = -2 - 0. Let p be q(n). Let j = 8 - p. What is the units digit of j?
6
Suppose -u + 1 = -m, -5*m - 35 = 3*u + 2*u. Let t be 4 + (u - (-4 - -2)). Suppose -6*o + 17 = 5*z - t*o, 0 = -3*z - 4*o + 19. What is the units digit of z?
1
Let i = -20 + 44. Suppose -6*r + 2*r = -i. What is the tens digit of (0 + -1)/(r/(-108))?
1
Let y(z) = z**2 - 5*z - 12. Let s be y(7). Suppose 38 - 164 = -s*f. What is the tens digit of f?
6
What is the tens digit of 4*(-6)/12 + 9258/3?
8
Let b be (-26)/(-4) - (-3)/2. Suppose 7*x + 42 = b*x. What is the tens digit of x?
4
Suppose 13*y = y + 12. What is the hundreds digit of (y + 379)*6/12?
1
Let h = -315 + 118. Let w = -125 - h. What is the units digit of w?
2
Suppose 0 = -7*i + 484 + 1805. Let h = i - 196. What is the hundreds digit of h?
1
Let v(p) = 2*p**2 + 0*p**2 - 2 + 3 - 13*p. What is the units digit of v(-4)?
5
Let u(f) = 14*f**2 + 10*f - 3*f + f**3 + 4*f**2 - 6*f**2 + 6. What is the tens digit of u(-11)?
5
Let r(u) = u**3 - 6*u**2 - 8*u + 13. Let l be r(8). Let o = -52 + l. Suppose -361 + o = -6*c. What is the units digit of c?
6
Let k = 3 - -30. Let u(q) = -5*q**3 - 2*q**2 - 2*q - 1. Let c be u(-1). Suppose c*v - k = v. What is the units digit of v?
1
Suppose 0*x + 98 = x. Let y = -57 + x. Suppose 4*q + 4 - y = -a, 2*q + 2*a - 14 = 0. What is the tens digit of q?
1
Let s(a) be the second derivative of a**4/6 - 2*a**3 + 11*a**2 + 2*a. What is the tens digit of s(8)?
5
Let l = 109 - -118. Suppose 3*x - 268 - l = 0. What is the hundreds digit of x?
1
Suppose 4*l = 5*a - 54 + 213, 0 = -3*l - 3*a + 126. Suppose -477 + l = -4*t. What is the units digit of t?
9
Let v(s) = -3*s - 13. Let z = 19 + -19. Let c be v(z). Let f = -6 - c. What is the units digit of f?
7
Let o(q) = -12*q**3 + 5*q**2 + 2*q - 12. What is the hundreds digit of o(-3)?
3
Let u = 830 - -698. What is the hundreds digit of u?
5
Suppose -o + 27 = 6. Suppose 233 = 4*y + o. What is the units digit of y?
3
Suppose -6*g = -3*g - 756. Suppose 5*b = -k + 168, 316 = 3*k - b - g. Suppose -4*x = -0*x - k. What is the tens digit of x?
4
Let k(c) = -5*c - 12. Suppose -4*d + 30 = 4*u + 10, 3*d + 4*u - 11 = 0. Suppose -2*s - 7 = d. What is the tens digit of k(s)?
2
Let t be (-1)/6 + (0 - (-50)/12). Suppose n = -3*s + 40, 5*s - 44 = t*n - 289. What is the tens digit of n?
5
Let o be 330/44 + 1/(-2). Suppose -5*z - 146 = -o*z. Let j = -9 + z. What is the tens digit of j?
6
Let h = -4 - 5. Let w be h/(3*(-1)/45). Let f = -72 + w. What is the units digit of f?
3
Let q(d) = 53*d - 117. What is the units digit of q(7)?
4
Let b(w) = 2*w**2 + 336 - 6*w**2 - 346 - w**3 - 5*w. What is the tens digit of b(-5)?
4
Let z = -28 + 30. Suppose -z*t = 7 - 11. Suppose -d = -t*d + 45. What is the tens digit of d?
4
Suppose -s + 1872 = 2*s - 4*a, -3*a = -2*s + 1248. What is the units digit of s?
4
Let b(v) = -3*v. Let u be b(-1). Suppose -u*h + 15 = -0*h. Suppose -3*i + 41 = h. What is the tens digit of i?
1
Suppose 0 = -3*w + 3*f + 327, w - 5*f = 117 - 12. Let x = w + 1. What is the units digit of x?
1
Let g = 1715 - 701. What is the hundreds digit of g?
0
Suppose 2*v - 4*y - 278 = 4*v, 2*v - 5*y = -287. Let o = v - -205. What is the tens digit of o?
6
Let c be (-2)/(-12)*(-3)/2*-4. What is the tens digit of -1*(c/1 - 68)?
6
Let w = 32 + -40. Suppose 5*s - 100 = 15. Let q = w + s. What is the units digit of q?
5
Suppose -5876 = -2*s + 4*o, -5*s + 2*o + 356 + 14302 = 0. What is the thousands digit of s?
2
Suppose -13*k + 9*k = -20. Suppose -23 - 106 = -y - 2*j, 2*y + k*j - 262 = 0. What is the units digit of y?
1
Let b be 5 + 15/(-10)*(-4)/3. Let h(q) be the second derivative of q**3 + 5*q**2 - q. What is the tens digit of h(b)?
5
What is the units digit of (-2 + 32)*(-531)/(-18)?
5
Let a = 3 + 5. Let u = -5 + a. Let n(z) = 5*z - 5. What is the tens digit of n(u)?
1
Let p = 8 - 11. Let d(v) = -3*v - 4. Let a be d(p). Suppose -a*g = -g - 124. What is the units digit of g?
1
Let i(q) = q**3 + 6*q**2 - 9*q - 9. Let w be i(-7). Suppose -w*k = 0, 232 = 2*j + 2*k - 3*k. What is the units digit of j?
6
Suppose -4*f = 2*n + 131 + 19, -4*n - 148 = 4*f. Let i = -35 - f. What is the units digit 